False
Is 1036356304 a multiple of 7?
False
Is 6 a factor of 2086782?
True
Does 128 divide 71190144?
True
Does 31 divide 220563153?
False
Is 62895840 a multiple of 168?
True
Does 70 divide 3754549680?
True
Is 651 a factor of 7406?
False
Is 18816664 a multiple of 770?
False
Is 18 a factor of 127899450?
True
Is 9 a factor of 712057126?
False
Is 8618 a factor of 1156552836?
True
Does 40 divide 63758440?
True
Is 37119855 a multiple of 69?
False
Does 62 divide 6201482?
False
Is 438763040 a multiple of 29?
True
Does 36 divide 45222429?
False
Is 873420368 a multiple of 3237?
False
Is 784928175 a multiple of 546?
False
Does 38 divide 2748738284?
True
Does 79 divide 31897387?
False
Is 18 a factor of 7626192048?
True
Does 1040 divide 2854800?
True
Does 406 divide 559741357?
False
Does 23 divide 932552647?
False
Does 1228 divide 162838940?
True
Does 254 divide 59708248?
False
Does 2371 divide 118573710?
True
Is 21 a factor of 70710780?
True
Is 529 a factor of 27357764?
True
Is 142 a factor of 19939498?
True
Does 12 divide 44598154?
False
Is 214 a factor of 361310110?
True
Does 114 divide 2756013726?
True
Is 284481107 a multiple of 189?
False
Does 417 divide 2916915?
True
Is 389 a factor of 233989335?
True
Is 7665292 a multiple of 292?
True
Is 22 a factor of 46028661?
False
Is 61 a factor of 28300889?
True
Is 113 a factor of 240404675?
True
Is 709226037 a multiple of 39?
True
Does 14 divide 2168910399?
False
Is 66476947 a multiple of 1143?
False
Is 17597981 a multiple of 38?
False
Does 640 divide 3181290149?
False
Does 128 divide 279751808?
True
Is 827 a factor of 58437474?
True
Is 579314532 a multiple of 8892?
False
Is 69341142 a multiple of 5?
False
Is 1570615530 a multiple of 330?
True
Is 81288702 a multiple of 155?
False
Does 6332 divide 642721836?
False
Is 19422973 even?
False
Is 45959389 a multiple of 301?
True
Does 12 divide 457270572?
True
Does 26 divide 72517481?
False
Is 92 a factor of 17220192?
True
Is 137 a factor of 184814077?
False
Does 708 divide 84037476?
True
Does 63 divide 24149853?
True
Is 449869708 a multiple of 68?
True
Is 4055271 a multiple of 11?
True
Is 879888154 a multiple of 5?
False
Does 4703 divide 1157089805?
False
Does 659 divide 614460826?
True
Is 929163087 a multiple of 1116?
False
Is 1101485753 a multiple of 2658?
False
Does 25 divide 858198450?
True
Does 703 divide 211553790?
True
Is 112318151 a multiple of 11?
True
Does 2213 divide 102747377?
True
Does 1863 divide 1687059915?
False
Is 671 a factor of 3108361872?
True
Does 58 divide 237688759?
False
Is 937136763 a multiple of 3135?
False
Is 23 a factor of 202068142?
False
Is 8 a factor of 37954120?
True
Is 73749260 a multiple of 6773?
False
Does 10 divide 468572060?
True
Does 201 divide 298840517?
False
Is 1269624310 a multiple of 10?
True
Is 136408968 a multiple of 246?
True
Is 5234 a factor of 1350250396?
False
Is 23513754 a multiple of 1938?
True
Is 64024 a multiple of 19?
False
Does 2244 divide 664569613?
False
Is 414 a factor of 509450034?
False
Is 208561743 even?
False
Is 1055 a factor of 35192326?
False
Is 8 a factor of 369163012?
False
Is 423640 a multiple of 68?
True
Does 1299 divide 1807848925?
False
Is 30 a factor of 763971750?
True
Is 2049223644 a multiple of 2964?
True
Is 1647 a factor of 30572038?
False
Is 5 a factor of 19371920?
True
Does 462 divide 1263805308?
False
Is 2219 a factor of 8155880?
False
Is 877 a factor of 412995086?
True
Is 7 a factor of 277151763?
True
Does 21 divide 256657254?
True
Does 7 divide 154736?
False
Is 5 a factor of 275855675?
True
Is 43069406 a multiple of 1227?
False
Is 605308698 a multiple of 177?
False
Is 351223158 a multiple of 22?
True
Is 63519449 a multiple of 1803?
False
Does 2214 divide 52020981?
False
Is 652680541 a multiple of 1037?
True
Is 730736 a multiple of 8?
True
Is 177898914 a multiple of 51?
True
Is 83 a factor of 2385569898?
True
Does 271 divide 638859791?
False
Does 34 divide 1535348880?
True
Is 5867 a factor of 4580749476?
False
Is 127 a factor of 15599410?
True
Is 246927724 a multiple of 50?
False
Does 1062 divide 386051665?
False
Is 3144108 a multiple of 132?
True
Is 36747000 a multiple of 90?
True
Does 23 divide 88451584?
False
Does 6105 divide 203894790?
True
Is 2 a factor of 439678283?
False
Does 14 divide 677325518?
False
Does 5 divide 136511701?
False
Is 2285671 a multiple of 2?
False
Is 197740328 a multiple of 90?
False
Is 13 a factor of 277537795?
False
Does 193 divide 54748308?
False
Is 140752416 a multiple of 2408?
True
Does 300 divide 42194100?
True
Is 947 a factor of 48619226?
False
Does 555 divide 35970660?
True
Is 15 a factor of 1239029535?
True
Is 1873382337 a multiple of 3009?
True
Is 134 a factor of 393692?
True
Is 148 a factor of 285592492?
True
Is 55733288 a multiple of 52?
True
Does 516 divide 10852512?
True
Is 31 a factor of 1058256114?
True
Does 272 divide 10971875?
False
Does 10 divide 5908841865?
False
Does 599 divide 32056084?
True
Is 1451161007 a multiple of 147?
False
Is 42268704 a multiple of 8?
True
Is 4879132 a multiple of 13?
False
Does 538 divide 1868787654?
True
Is 2138 a factor of 489263786?
False
Is 1972 a factor of 45476720?
False
Is 2739778 a multiple of 52?
False
Is 317 a factor of 3687413740?
True
Is 782 a factor of 719597964?
True
Is 482177108 a multiple of 3393?
False
Is 5 a factor of 367569?
False
Is 1243 a factor of 43558180?
False
Does 71 divide 472613673?
False
Does 458 divide 33799942?
True
Is 68 a factor of 1020467826?
False
Is 682 a factor of 398632969?
False
Is 1676660002 a multiple of 732?
False
Is 14 a factor of 73261454?
True
Is 269797644 a multiple of 1179?
True
Is 67 a factor of 3258731461?
True
Is 21 a factor of 150658305?
True
Is 93934951 a multiple of 17?
False
Is 7798710 a multiple of 282?
True
Is 14149645 a multiple of 13?
False
Is 25 a factor of 331872925?
True
Is 61 a factor of 2167696?
True
Does 406 divide 71759688?
True
Is 1285746840 a multiple of 140?
True
Is 231 a factor of 311188185?
True
Is 1472985570 a multiple of 119?
True
Does 476 divide 771735944?
True
Does 852 divide 162899325?
False
Is 7 a factor of 2999682?
True
Is 134139656 a multiple of 3332?
True
Is 72759022 a multiple of 49?
True
Is 22359805 a multiple of 77?
False
Is 17 a factor of 1164647814?
False
Is 49343913 a multiple of 12?
False
Is 10 a factor of 250764142?
False
Is 378912652 a multiple of 709?
False
Is 3044596410 a multiple of 45?
True
Is 48904834 a multiple of 11?
True
Is 14 a factor of 2730816732?
True
Is 290 a factor of 34406540?
False
Does 832 divide 63084736?
True
Does 195 divide 74460750?
True
Is 29 a factor of 376687525?
True
Is 1524 a factor of 415852875?
False
Is 16953715 a multiple of 369?
False
Does 729 divide 19231020?
True
Is 299 a factor of 39303527?
False
Does 8156 divide 1042181836?
True
Is 98123238 a multiple of 162?
True
Is 702 a factor of 152041968?
True
Is 108 a factor of 161383320?
True
Does 524 divide 25872185?
False
Does 10 divide 42093070?
True
Does 3591 divide 46549387?
False
Is 3857742 a multiple of 7?
True
Is 647804668 a multiple of 203?
True
Is 2177791 a multiple of 3?
False
Is 265 a factor of 5685509?
False
Does 68 divide 62156148?
True
Is 185 a factor of 207654175?
True
Is 1582771750 a multiple of 70?
True
Is 141062238 a multiple of 13?
False
Is 1197409119 a multiple of 592?
False
Is 6 a factor of 55852476?
True
Is 33981345 a multiple of 9?
True
Is 1638023 a multiple of 4?
False
Is 133 a factor of 325933?
False
Does 2909 divide 281230740?
False
Is 1618369492 a multiple of 37?
True
Does 175 divide 2943901084?
False
Is 438 a factor of 28964920?
False
Does 8 divide 93830424?
True
Does 51 divide 1627645622?
False
Does 576 divide 42679296?
True
Does 443 divide 25866682?
False
Does 6 divide 22179450?
True
Does 61 divide 269167197?
True
Is 2879 a factor of 42474357?
False
Does 4 divide 181100616?
True
Is 30071666 a multiple of 79?
True
Does 1293 divide 68196699?
True
Is 65380843 a multiple of 913?
True
Is 15 a factor of 841192785?
True
Does 847 divide 1439053?
True
Does 268 divide 640049124?
True
Does 3594 divide 176282106?
True
Is 416 a factor of 1161935008?
True
Is 748286130 a multiple of 145?
True
Is 25410501 a multiple of 2314?
False
Is 43052632 a multiple of 14?
True
Is 10 a factor of 30242664?
False
Does 15 divide 101492185?
False
Is 4367700